{"id":576,"date":"2024-08-12T12:11:13","date_gmt":"2024-08-12T12:11:13","guid":{"rendered":"https:\/\/www.ekcproject.com\/?page_id=576"},"modified":"2024-08-12T13:32:39","modified_gmt":"2024-08-12T13:32:39","slug":"grand-bellagio-yonetici-ofisi","status":"publish","type":"page","link":"https:\/\/www.ekcproject.com\/index.php\/grand-bellagio-yonetici-ofisi\/","title":{"rendered":"Grand Bellagio Y\u00f6netici Ofisi"},"content":{"rendered":"\n<div class=\"wp-block-group is-layout-constrained wp-container-core-group-is-layout-1 wp-block-group-is-layout-constrained\" style=\"padding-top:3rem;padding-right:var(--wp--preset--spacing--50);padding-bottom:3rem;padding-left:var(--wp--preset--spacing--50)\">\n<div class=\"wp-block-cover is-light\" style=\"min-height:540px;aspect-ratio:unset;\"><span aria-hidden=\"true\" class=\"wp-block-cover__background has-background-dim-0 has-background-dim\" style=\"background-color:#887d79\"><\/span><img loading=\"lazy\" decoding=\"async\" width=\"2560\" height=\"1707\" class=\"wp-block-cover__image-background wp-image-586\" alt=\"\" src=\"https:\/\/www.ekcproject.com\/wp-content\/uploads\/2024\/08\/OFIS1-1-1-scaled.jpg\" data-object-fit=\"cover\" srcset=\"https:\/\/www.ekcproject.com\/wp-content\/uploads\/2024\/08\/OFIS1-1-1-scaled.jpg 2560w, https:\/\/www.ekcproject.com\/wp-content\/uploads\/2024\/08\/OFIS1-1-1-300x200.jpg 300w, https:\/\/www.ekcproject.com\/wp-content\/uploads\/2024\/08\/OFIS1-1-1-1024x683.jpg 1024w, https:\/\/www.ekcproject.com\/wp-content\/uploads\/2024\/08\/OFIS1-1-1-768x512.jpg 768w, https:\/\/www.ekcproject.com\/wp-content\/uploads\/2024\/08\/OFIS1-1-1-1536x1024.jpg 1536w, https:\/\/www.ekcproject.com\/wp-content\/uploads\/2024\/08\/OFIS1-1-1-2048x1365.jpg 2048w\" sizes=\"(max-width: 2560px) 100vw, 2560px\" \/><div class=\"wp-block-cover__inner-container is-layout-constrained wp-block-cover-is-layout-constrained\">\n<p class=\"has-text-align-center has-large-font-size\"><\/p>\n<\/div><\/div>\n\n\n\n<div class=\"wp-block-columns is-layout-flex wp-container-core-columns-is-layout-1 wp-block-columns-is-layout-flex\" style=\"padding-top:0\">\n<div class=\"wp-block-column is-vertically-aligned-top is-layout-flow wp-block-column-is-layout-flow\" style=\"flex-basis:45%\">\n<h1 class=\"wp-block-heading has-text-align-left has-heading-color-color has-text-color has-xx-large-font-size\" style=\"font-style:normal;font-weight:600;line-height:1.5\">GRAND BELLAGIO Y\u00d6NET\u0130C\u0130 OF\u0130S\u0130<\/h1>\n\n\n\n<h4 class=\"wp-block-heading\">Batum | G\u00fcrcistan<\/h4>\n\n\n\n<h4 class=\"wp-block-heading\">2024<\/h4>\n\n\n\n<h6 class=\"wp-block-heading\">Anahtar Teslim<\/h6>\n<\/div>\n\n\n\n<div class=\"wp-block-column is-vertically-aligned-center is-layout-flow wp-container-core-column-is-layout-2 wp-block-column-is-layout-flow\" style=\"flex-basis:55%\">\n<p class=\"has-small-font-size\">Y\u00f6netici ofisi i\u00e7in haz\u0131rlad\u0131\u011f\u0131m\u0131z tasar\u0131m, l\u00fcks ve zarafeti i\u015f d\u00fcnyas\u0131nda benzersiz bir bi\u00e7imde yans\u0131tmak amac\u0131yla \u00f6zenle olu\u015fturulmu\u015ftur. Ofisinizin her detay\u0131, konforunuz ve y\u00fcksek standartlar\u0131n\u0131z g\u00f6z \u00f6n\u00fcnde bulundurularak se\u00e7ilmi\u015ftir.<\/p>\n\n\n\n<p class=\"has-medium-font-size\">Do\u011fal Ceviz Kaplamal\u0131 Lambiriler<\/p>\n\n\n\n<p class=\"has-small-font-size\">Ofisinizin duvarlar\u0131n\u0131 kaplayan do\u011fal ceviz kaplamal\u0131 lambiriler, mekana s\u0131cakl\u0131k ve sofistikasyon katmaktad\u0131r. Ceviz a\u011fac\u0131n\u0131n zengin tonlar\u0131 ve do\u011fal desenleri, ofisinizde l\u00fcks bir atmosfer yarat\u0131rken estetik a\u00e7\u0131dan da y\u00fcksek bir standart sunar.<\/p>\n\n\n\n<p class=\"has-medium-font-size\">Premium Kalite <\/p>\n\n\n\n<p class=\"has-small-font-size\">Ofisin tasar\u0131m\u0131nda kullan\u0131lan t\u00fcm malzemeler, y\u00fcksek kalite standartlar\u0131na uygun olup, uzun \u00f6m\u00fcrl\u00fc ve dayan\u0131kl\u0131d\u0131r. Her detay, konforunuzu ve verimlili\u011finizi art\u0131rmak amac\u0131yla titizlikle tasarlanm\u0131\u015ft\u0131r.<\/p>\n\n\n\n<p class=\"has-small-font-size\">Bu \u00f6zel tasar\u0131m, sadece bir ofis de\u011fil, ayn\u0131 zamanda i\u015f ya\u015fam\u0131n\u0131zdaki prestijinizi ve y\u00fcksek standartlar\u0131n\u0131z\u0131 yans\u0131tan bir \u00e7al\u0131\u015fma alan\u0131d\u0131r. Mekan\u0131n her k\u00f6\u015fesi, size ilham vermek ve ba\u015far\u0131l\u0131 bir \u00e7al\u0131\u015fma ortam\u0131 sunmak i\u00e7in \u00f6zenle d\u00fczenlenmi\u015ftir.<\/p>\n<\/div>\n<\/div>\n<\/div>\n\n\n\n<figure class=\"wp-block-gallery has-nested-images columns-default is-cropped wp-block-gallery-1 is-layout-flex wp-block-gallery-is-layout-flex\">\n<figure class=\"wp-block-image size-large\"><img loading=\"lazy\" decoding=\"async\" width=\"1024\" height=\"683\" data-id=\"577\" src=\"https:\/\/www.ekcproject.com\/wp-content\/uploads\/2024\/08\/OFIS1-1-1024x683.jpg\" alt=\"\" class=\"wp-image-577\" srcset=\"https:\/\/www.ekcproject.com\/wp-content\/uploads\/2024\/08\/OFIS1-1-1024x683.jpg 1024w, https:\/\/www.ekcproject.com\/wp-content\/uploads\/2024\/08\/OFIS1-1-300x200.jpg 300w, https:\/\/www.ekcproject.com\/wp-content\/uploads\/2024\/08\/OFIS1-1-768x512.jpg 768w, https:\/\/www.ekcproject.com\/wp-content\/uploads\/2024\/08\/OFIS1-1-1536x1024.jpg 1536w, https:\/\/www.ekcproject.com\/wp-content\/uploads\/2024\/08\/OFIS1-1-2048x1365.jpg 2048w\" sizes=\"(max-width: 1024px) 100vw, 1024px\" \/><\/figure>\n\n\n\n<figure class=\"wp-block-image size-large\"><img loading=\"lazy\" decoding=\"async\" width=\"1024\" height=\"683\" data-id=\"578\" src=\"https:\/\/www.ekcproject.com\/wp-content\/uploads\/2024\/08\/OFIS1-2-1024x683.jpg\" alt=\"\" class=\"wp-image-578\" srcset=\"https:\/\/www.ekcproject.com\/wp-content\/uploads\/2024\/08\/OFIS1-2-1024x683.jpg 1024w, https:\/\/www.ekcproject.com\/wp-content\/uploads\/2024\/08\/OFIS1-2-300x200.jpg 300w, https:\/\/www.ekcproject.com\/wp-content\/uploads\/2024\/08\/OFIS1-2-768x512.jpg 768w, https:\/\/www.ekcproject.com\/wp-content\/uploads\/2024\/08\/OFIS1-2-1536x1024.jpg 1536w, https:\/\/www.ekcproject.com\/wp-content\/uploads\/2024\/08\/OFIS1-2-2048x1365.jpg 2048w\" sizes=\"(max-width: 1024px) 100vw, 1024px\" \/><\/figure>\n<\/figure>\n\n\n\n<figure class=\"wp-block-gallery has-nested-images columns-default is-cropped wp-block-gallery-2 is-layout-flex wp-block-gallery-is-layout-flex\">\n<figure class=\"wp-block-image size-large\"><img loading=\"lazy\" decoding=\"async\" width=\"1024\" height=\"1024\" data-id=\"579\" src=\"https:\/\/www.ekcproject.com\/wp-content\/uploads\/2024\/08\/alternatif-wc-55-1024x1024.jpg\" alt=\"\" class=\"wp-image-579\" srcset=\"https:\/\/www.ekcproject.com\/wp-content\/uploads\/2024\/08\/alternatif-wc-55-1024x1024.jpg 1024w, https:\/\/www.ekcproject.com\/wp-content\/uploads\/2024\/08\/alternatif-wc-55-300x300.jpg 300w, https:\/\/www.ekcproject.com\/wp-content\/uploads\/2024\/08\/alternatif-wc-55-150x150.jpg 150w, https:\/\/www.ekcproject.com\/wp-content\/uploads\/2024\/08\/alternatif-wc-55-768x768.jpg 768w, https:\/\/www.ekcproject.com\/wp-content\/uploads\/2024\/08\/alternatif-wc-55-1536x1536.jpg 1536w, https:\/\/www.ekcproject.com\/wp-content\/uploads\/2024\/08\/alternatif-wc-55.jpg 2000w\" sizes=\"(max-width: 1024px) 100vw, 1024px\" \/><\/figure>\n\n\n\n<figure class=\"wp-block-image size-large\"><img loading=\"lazy\" decoding=\"async\" width=\"1024\" height=\"1024\" data-id=\"583\" src=\"https:\/\/www.ekcproject.com\/wp-content\/uploads\/2024\/08\/alternatif-wc1-1-1024x1024.jpg\" alt=\"\" class=\"wp-image-583\" srcset=\"https:\/\/www.ekcproject.com\/wp-content\/uploads\/2024\/08\/alternatif-wc1-1-1024x1024.jpg 1024w, https:\/\/www.ekcproject.com\/wp-content\/uploads\/2024\/08\/alternatif-wc1-1-300x300.jpg 300w, https:\/\/www.ekcproject.com\/wp-content\/uploads\/2024\/08\/alternatif-wc1-1-150x150.jpg 150w, https:\/\/www.ekcproject.com\/wp-content\/uploads\/2024\/08\/alternatif-wc1-1-768x768.jpg 768w, https:\/\/www.ekcproject.com\/wp-content\/uploads\/2024\/08\/alternatif-wc1-1-1536x1536.jpg 1536w, https:\/\/www.ekcproject.com\/wp-content\/uploads\/2024\/08\/alternatif-wc1-1.jpg 2000w\" sizes=\"(max-width: 1024px) 100vw, 1024px\" \/><\/figure>\n\n\n\n<figure class=\"wp-block-image size-large\"><img loading=\"lazy\" decoding=\"async\" width=\"1024\" height=\"1024\" data-id=\"582\" src=\"https:\/\/www.ekcproject.com\/wp-content\/uploads\/2024\/08\/alternatif-wc33-1024x1024.jpg\" alt=\"\" class=\"wp-image-582\" srcset=\"https:\/\/www.ekcproject.com\/wp-content\/uploads\/2024\/08\/alternatif-wc33-1024x1024.jpg 1024w, https:\/\/www.ekcproject.com\/wp-content\/uploads\/2024\/08\/alternatif-wc33-300x300.jpg 300w, https:\/\/www.ekcproject.com\/wp-content\/uploads\/2024\/08\/alternatif-wc33-150x150.jpg 150w, https:\/\/www.ekcproject.com\/wp-content\/uploads\/2024\/08\/alternatif-wc33-768x768.jpg 768w, https:\/\/www.ekcproject.com\/wp-content\/uploads\/2024\/08\/alternatif-wc33-1536x1536.jpg 1536w, https:\/\/www.ekcproject.com\/wp-content\/uploads\/2024\/08\/alternatif-wc33.jpg 2000w\" sizes=\"(max-width: 1024px) 100vw, 1024px\" \/><\/figure>\n<\/figure>\n","protected":false},"excerpt":{"rendered":"<p>GRAND BELLAGIO Y\u00d6NET\u0130C\u0130 OF\u0130S\u0130 Batum | G\u00fcrcistan 2024 Anahtar Teslim Y\u00f6netici ofisi i\u00e7in haz\u0131rlad\u0131\u011f\u0131m\u0131z tasar\u0131m, l\u00fcks ve zarafeti i\u015f d\u00fcnyas\u0131nda benzersiz bir bi\u00e7imde yans\u0131tmak amac\u0131yla \u00f6zenle olu\u015fturulmu\u015ftur. Ofisinizin her detay\u0131, konforunuz ve y\u00fcksek standartlar\u0131n\u0131z g\u00f6z \u00f6n\u00fcnde bulundurularak se\u00e7ilmi\u015ftir. Do\u011fal Ceviz Kaplamal\u0131 Lambiriler Ofisinizin duvarlar\u0131n\u0131 kaplayan do\u011fal ceviz kaplamal\u0131 lambiriler, mekana s\u0131cakl\u0131k ve sofistikasyon katmaktad\u0131r. Ceviz&#8230;<\/p>\n","protected":false},"author":1,"featured_media":0,"parent":0,"menu_order":0,"comment_status":"closed","ping_status":"closed","template":"","meta":{"footnotes":""},"class_list":["post-576","page","type-page","status-publish","hentry"],"_links":{"self":[{"href":"https:\/\/www.ekcproject.com\/index.php\/wp-json\/wp\/v2\/pages\/576"}],"collection":[{"href":"https:\/\/www.ekcproject.com\/index.php\/wp-json\/wp\/v2\/pages"}],"about":[{"href":"https:\/\/www.ekcproject.com\/index.php\/wp-json\/wp\/v2\/types\/page"}],"author":[{"embeddable":true,"href":"https:\/\/www.ekcproject.com\/index.php\/wp-json\/wp\/v2\/users\/1"}],"replies":[{"embeddable":true,"href":"https:\/\/www.ekcproject.com\/index.php\/wp-json\/wp\/v2\/comments?post=576"}],"version-history":[{"count":2,"href":"https:\/\/www.ekcproject.com\/index.php\/wp-json\/wp\/v2\/pages\/576\/revisions"}],"predecessor-version":[{"id":587,"href":"https:\/\/www.ekcproject.com\/index.php\/wp-json\/wp\/v2\/pages\/576\/revisions\/587"}],"wp:attachment":[{"href":"https:\/\/www.ekcproject.com\/index.php\/wp-json\/wp\/v2\/media?parent=576"}],"curies":[{"name":"wp","href":"https:\/\/api.w.org\/{rel}","templated":true}]}}